f 467?
467
List the prime factors of 852.
2, 3, 71
List the prime factors of 51137.
51137
What are the prime factors of 83804?
2, 7, 41, 73
List the prime factors of 7304.
2, 11, 83
List the prime factors of 2600.
2, 5, 13
List the prime factors of 545.
5, 109
What are the prime factors of 77680?
2, 5, 971
List the prime factors of 605.
5, 11
List the prime factors of 33541.
17, 1973
What are the prime factors of 42969?
3, 14323
What are the prime factors of 914?
2, 457
List the prime factors of 369.
3, 41
List the prime factors of 3841.
23, 167
What are the prime factors of 2879?
2879
What are the prime factors of 29150?
2, 5, 11, 53
What are the prime factors of 16784?
2, 1049
What are the prime factors of 32296?
2, 11, 367
What are the prime factors of 12754?
2, 7, 911
List the prime factors of 1165.
5, 233
List the prime factors of 1397.
11, 127
List the prime factors of 2448.
2, 3, 17
What are the prime factors of 43977?
3, 107, 137
List the prime factors of 127107.
3, 29, 487
What are the prime factors of 799?
17, 47
What are the prime factors of 17605?
5, 7, 503
List the prime factors of 2378.
2, 29, 41
What are the prime factors of 59985?
3, 5, 31, 43
List the prime factors of 46.
2, 23
What are the prime factors of 5413?
5413
List the prime factors of 25284.
2, 3, 7, 43
List the prime factors of 10969.
7, 1567
List the prime factors of 46122.
2, 3, 7687
List the prime factors of 4646.
2, 23, 101
What are the prime factors of 6042?
2, 3, 19, 53
What are the prime factors of 1841?
7, 263
List the prime factors of 7284.
2, 3, 607
What are the prime factors of 3578?
2, 1789
List the prime factors of 1387.
19, 73
What are the prime factors of 39011?
7, 5573
List the prime factors of 259.
7, 37
What are the prime factors of 306?
2, 3, 17
What are the prime factors of 17255?
5, 7, 17, 29
What are the prime factors of 2050?
2, 5, 41
What are the prime factors of 2908?
2, 727
List the prime factors of 22924.
2, 11, 521
What are the prime factors of 48482?
2, 7, 3463
What are the prime factors of 1921?
17, 113
What are the prime factors of 42045?
3, 5, 2803
List the prime factors of 1093.
1093
What are the prime factors of 2978?
2, 1489
List the prime factors of 575.
5, 23
List the prime factors of 4135.
5, 827
What are the prime factors of 51285?
3, 5, 13, 263
What are the prime factors of 4496?
2, 281
What are the prime factors of 638?
2, 11, 29
What are the prime factors of 607?
607
List the prime factors of 4704.
2, 3, 7
What are the prime factors of 16209?
3, 1801
What are the prime factors of 22151?
17, 1303
List the prime factors of 230.
2, 5, 23
What are the prime factors of 14788?
2, 3697
What are the prime factors of 107?
107
What are the prime factors of 1222?
2, 13, 47
List the prime factors of 2519.
11, 229
What are the prime factors of 4201?
4201
What are the prime factors of 7710?
2, 3, 5, 257
List the prime factors of 11750.
2, 5, 47
What are the prime factors of 53860?
2, 5, 2693
What are the prime factors of 597?
3, 199
List the prime factors of 634.
2, 317
What are the prime factors of 22962?
2, 3, 43, 89
What are the prime factors of 1433?
1433
What are the prime factors of 387?
3, 43
What are the prime factors of 3166?
2, 1583
List the prime factors of 1092.
2, 3, 7, 13
What are the prime factors of 7827?
3, 2609
What are the prime factors of 15952?
2, 997
What are the prime factors of 1856?
2, 29
What are the prime factors of 72075?
3, 5, 31
What are the prime factors of 1406?
2, 19, 37
List the prime factors of 73921.
29, 2549
What are the prime factors of 87?
3, 29
What are the prime factors of 2334?
2, 3, 389
List the prime factors of 1914.
2, 3, 11, 29
What are the prime factors of 68?
2, 17
List the prime factors of 13.
13
What are the prime factors of 28176?
2, 3, 587
List the prime factors of 3630.
2, 3, 5, 11
What are the prime factors of 7882?
2, 7, 563
List the prime factors of 9714.
2, 3, 1619
List the prime factors of 16524.
2, 3, 17
What are the prime factors of 2939?
2939
What are the prime factors of 38306?
2, 107, 179
What are the prime factors of 10280?
2, 5, 257
What are the prime factors of 31629?
3, 13, 811
List the prime factors of 29140.
2, 5, 31, 47
List the prime factors of 1616.
2, 101
List the prime factors of 925.
5, 37
List the prime factors of 17354.
2, 8677
What are the prime factors of 492?
2, 3, 41
List the prime factors of 12516.
2, 3, 7, 149
What are the prime factors of 1231?
1231
What are the prime factors of 48421?
41, 1181
List the prime factors of 3361.
3361
List the prime factors of 42361.
11, 3851
What are the prime factors of 12771?
3, 11, 43
List the prime factors of 12243.
3, 7, 11, 53
List the prime factors of 1026.
2, 3, 19
List the prime factors of 26081.
11, 2371
List the prime factors of 1145.
5, 229
List the prime factors of 8242.
2, 13, 317
What are the prime factors of 6912?
2, 3
List the prime factors of 61952.
2, 11
List the prime factors of 315.
3, 5, 7
What are the prime factors of 693?
3, 7, 11
List the prime factors of 1849.
43
What are the prime factors of 21544?
2, 2693
List the prime factors of 30804.
2, 3, 17, 151
List the prime factors of 22737.
3, 11, 13, 53
What are the prime factors of 590?
2, 5, 59
What are the prime factors of 1814?
2, 907
List the prime factors of 1305.
3, 5, 29
What are the prime factors of 63807?
3, 21269
List the prime factors of 100249.
17, 5897
What are the prime factors of 1898?
2, 13, 73
List the prime factors of 31907.
31907
List the prime factors of 523.
523
List the prime factors of 514.
2, 257
What are the prime factors of 21889?
7, 53, 59
What are the prime factors of 22302?
2, 3, 7, 59
List the prime factors of 27060.
2, 3, 5, 11, 41
What are the prime factors of 68288?
2, 11, 97
List the prime factors of 3360.
2, 3, 5, 7
What are the prime factors of 1073?
29, 37
What are the prime factors of 5626?
2, 29, 97
What are the prime factors of 78882?
2, 3, 13147
List the prime factors of 107425.
5, 4297
List the prime factors of 13353.
3, 4451
List the prime factors of 3626.
2, 7, 37
What are the prime factors of 3555?
3, 5, 79
List the prime factors of 37071.
3, 1373
List the prime factors of 158.
2, 79
What are the prime factors of 18170?
2, 5, 23, 79
List the prime factors of 4502.
2, 2251
What are the prime factors of 701?
701
What are the prime factors of 847?
7, 11
List the prime factors of 4779.
3, 59
List the prime factors of 467.
467
List the prime factors of 1985.
5, 397
What are the prime factors of 7646?
2, 3823
List the prime factors of 13689.
3, 13
List the prime factors of 10568.
2, 1321
What are the prime factors of 1250?
2, 5
List the prime factors of 79.
79
What are the prime factors of 57828?
2, 3, 61, 79
List the prime factors of 1284.
2, 3, 107
What are the prime factors of 1026?
2, 3, 19
What are the prime factors of 67796?
2, 17, 997
List the prime factors of 3023.
3023
What are the prime factors of 47969?
47969
What are the prime factors of 13380?
2, 3, 5, 223
List the prime factors of 24438.
2, 3, 4073
What are the prime factors of 1379?
7, 197
What are the prime factors of 5730?
2, 3, 5, 191
What are the prime factors of 15841?
7, 31, 73
What are the prime factors of 33379?
29, 1151
List the prime factors of 289.
17
List the prime factors of 3020.
2, 5, 151
List the prime factors of 62842.
2, 13, 2417
What are the prime factors of 5767?
73, 79
List the prime factors of 4903.
4903
List the prime factors of 39565.
5, 41, 193
List the prime factors of 4065.
3, 5, 271
What are the prime factors of 10222?
2, 19, 269
What are the prime factors of 6253?
13, 37
What are the prime factors of 856?
2, 107
List the prime factors of 6754.
2, 11, 307
What are the prime factors of 29432?
2, 13, 283
What are the prime factors of 6382?
2, 3191
What are the prime factors of 286?
2, 11, 13
What are the prime factors of 271?
271
What are the prime factors of 188?
2, 47
What are the prime factors of 12900?
2, 3, 5, 43
List the prime factors of 29027.
29027
What are the prime factors of 203706?
2, 3, 11317
List the prime factors of 18035.
5, 3607
List the prime factors of 6119.
29, 211
List the prime factors of 4155.
3, 5, 277
List the prime factors of 10976.
2, 7
What are the prime factors of 1198?
2, 599
What are the pr